alse
Is 55183073 a prime number?
False
Is 17600879017 a composite number?
True
Is 392384627 a prime number?
False
Is 852151533 composite?
True
Is 9871982279 composite?
True
Is 538716473 a prime number?
True
Is 53541359 a composite number?
True
Is 203553131 composite?
False
Is 60570813883 a composite number?
False
Is 18085490167 a composite number?
False
Is 87501551705 a composite number?
True
Is 3623086387 a composite number?
True
Is 3658033733 a composite number?
False
Is 150590778029 a prime number?
False
Is 17894799731 prime?
True
Is 614343787 prime?
True
Is 230110937 a composite number?
True
Is 8539309 prime?
False
Is 1957949743 a prime number?
False
Is 2923860281 composite?
False
Is 1754026223 prime?
False
Is 4017265601 a prime number?
False
Is 9294697241 composite?
False
Is 2480064107 composite?
False
Is 36799564739 a prime number?
False
Is 4746213767 composite?
False
Is 2909539291 composite?
True
Is 26632188777 prime?
False
Is 3016847849 prime?
False
Is 3634534931 composite?
False
Is 602758061 prime?
True
Is 304481743 composite?
True
Is 11404250723 a prime number?
True
Is 12154851413 a composite number?
False
Is 345175143631 a prime number?
True
Is 15482429807 a prime number?
False
Is 260528487587 a prime number?
True
Is 69340429 composite?
False
Is 11117303963 a prime number?
False
Is 1088549483 composite?
True
Is 61512135539 composite?
False
Is 62667175063 a prime number?
False
Is 54190649 a prime number?
False
Is 53446087 prime?
True
Is 2995965671 prime?
False
Is 729447673 a prime number?
False
Is 312609161 prime?
True
Is 484652893 a prime number?
False
Is 400129959 a composite number?
True
Is 4022434223 a composite number?
False
Is 2570974723 a composite number?
False
Is 8269516303 prime?
False
Is 5853980893 a composite number?
False
Is 24656365453 prime?
False
Is 70738565939 a composite number?
False
Is 4974082459 prime?
False
Is 52535947 prime?
True
Is 2119544153 a composite number?
True
Is 3508218611 prime?
False
Is 2420723357 a composite number?
True
Is 6002194691 prime?
False
Is 4509362107 composite?
True
Is 3323412743 prime?
False
Is 716130451 a composite number?
False
Is 37323638371 prime?
False
Is 779116087 prime?
False
Is 5827988627 a composite number?
False
Is 112042951 a composite number?
False
Is 353257259 a composite number?
False
Is 36130862951 prime?
False
Is 34869773 a prime number?
True
Is 18417325169 a composite number?
True
Is 16058960321 prime?
False
Is 71242487 a prime number?
True
Is 390763283 a prime number?
True
Is 554659135 a prime number?
False
Is 3559961633 a prime number?
False
Is 96721939 prime?
True
Is 765987571 a prime number?
True
Is 26526107791 a composite number?
True
Is 1522979779 prime?
True
Is 10345384865 a prime number?
False
Is 32522416987 prime?
True
Is 55014810691 composite?
True
Is 176086014367 prime?
False
Is 3717449563 a composite number?
True
Is 3023707573 prime?
True
Is 20083356671 prime?
False
Is 5970818123 prime?
True
Is 83843993 a prime number?
False
Is 222058871 a prime number?
False
Is 205506949 a prime number?
False
Is 1488153763 prime?
False
Is 2324024733 a prime number?
False
Is 2464345123 prime?
True
Is 44596810021 a prime number?
True
Is 13873209674 prime?
False
Is 755811667 composite?
True
Is 17125047131 composite?
False
Is 24111547478 a prime number?
False
Is 86724857759 prime?
False
Is 76817942657 a composite number?
False
Is 362475193013 a prime number?
False
Is 728786957 prime?
False
Is 8977326403 prime?
True
Is 11932439197 a prime number?
False
Is 62343821951 composite?
False
Is 8820959579 composite?
True
Is 8230259239 a composite number?
True
Is 584429147 prime?
True
Is 34343645639 a prime number?
False
Is 145569953 composite?
True
Is 8218597819 a composite number?
False
Is 954907013 composite?
True
Is 106177585 a composite number?
True
Is 18153946163 a prime number?
True
Is 5097542063 prime?
False
Is 3941496307 composite?
True
Is 26789771 a composite number?
False
Is 183589121 composite?
False
Is 6132216221 a composite number?
False
Is 38145060101 a composite number?
True
Is 1256810189 a prime number?
False
Is 4443975827 a prime number?
True
Is 135577399 prime?
False
Is 71796197171 prime?
False
Is 2492863489 a composite number?
True
Is 329578057 a composite number?
True
Is 107498519 composite?
False
Is 2891303143 composite?
True
Is 8498678689 a prime number?
True
Is 6383659103 a prime number?
False
Is 135377309 a composite number?
True
Is 5563997799 composite?
True
Is 1738085071 a prime number?
False
Is 584512963 prime?
True
Is 796701947 composite?
True
Is 1343030761 prime?
True
Is 942672067 a composite number?
True
Is 6787169461 a composite number?
False
Is 1847747686 composite?
True
Is 1073385073 a composite number?
True
Is 24732703649 prime?
True
Is 3034445563 a composite number?
False
Is 14902732843 prime?
False
Is 213999283 prime?
True
Is 2146061167 a prime number?
True
Is 1372972951 a prime number?
False
Is 6966334129 prime?
True
Is 1629460639 a composite number?
False
Is 1380942383 composite?
False
Is 1481513909 composite?
True
Is 3734463463 prime?
False
Is 9310763621 a prime number?
True
Is 9956693354 prime?
False
Is 3741068659 prime?
True
Is 2301130187 composite?
False
Is 67538313383 a prime number?
True
Is 313774765 a composite number?
True
Is 18272766011 a composite number?
False
Is 6754299067 composite?
True
Is 1934648393 a composite number?
False
Is 367083139 prime?
False
Is 12732929017 prime?
True
Is 920692811 composite?
False
Is 39537726821 prime?
True
Is 302752960789 composite?
False
Is 49867040459 a composite number?
True
Is 3784940723 a prime number?
False
Is 114679963 prime?
True
Is 26371186901 a composite number?
True
Is 4699448935 composite?
True
Is 20237062 composite?
True
Is 149546477 prime?
True
Is 9167191001 a composite number?
False
Is 1902501823 a composite number?
True
Is 42649527583 composite?
True
Is 293781151 a composite number?
False
Is 5243579749 prime?
False
Is 1709604343 a composite number?
False
Is 4111178471 prime?
True
Is 21214782697 composite?
False
Is 676627279 a prime number?
True
Is 1601522981 a composite number?
True
Is 22389181 composite?
True
Is 12008525887 prime?
True
Is 221388905 a composite number?
True
Is 11882984801 composite?
False
Is 313396729 a prime number?
True
Is 72797054711 prime?
False
Is 1720859131 composite?
False
Is 399108487 a prime number?
False
Is 61459031 a prime number?
True
Is 71707963 a composite number?
True
Is 3123880681 a prime number?
True
Is 54668258891 composite?
False
Is 6606940943 composite?
False
Is 15011326537 prime?
True
Is 926239529 prime?
False
Is 14081980711 a prime number?
False
Is 7324579597 a prime number?
False
Is 11810193541 a prime number?
False
Is 6592627219 composite?
True
Is 197194891 prime?
True
Is 7713509081 composite?
False
Is 765929137 composite?
False
Is 33867658037 composite?
False
Is 7362122107 composite?
True
Is 3170578219 prime?
False
Is 7603240717 prime?
False
Is 859447711 prime?
False
Is 61001701133 a composite number?
True
Is 2620453697 a prime number?
True
Is 25695813319 composite?
True
Is 11113118861 a composite number?
True
Is 15367432099 prime?
False
Is 1033181785 composite?
True
Is 1037393537 prime?
True
Is 937166079 prime?
False
Is 199184497 prime?
True
Is 51897326771 prime?
True
Is 14030102309 a composite number?
False
Is 5023039447 a prime number?
True
Is 940014401 a composite number?
False
Is 65195458373 prime?
True
Is 22109394259 prime?
True
Is 698615911 a composite number?
True
Is 1442353571 a composite number?
False
Is 585257683 composite?
True
Is 1353715619 composite?
True
Is 8900574873 a composite number?
True
Is 6808462771 a prime number?
False
Is 5553816043 composite?
False
Is 2022886333 prime?
False
Is 191649607 a prime number?
False
Is 1839494029 prime?
True
Is 1455389079 composite?
True
Is 13311879101 a prime number?
True
Is 470628239 a composite number?
False
Is 67492567739 a prime number?
False
Is 3256523651 prime?
False
Is 69483871133 a prime number?
True
Is 19283800979 composite?
True
Is 43893134871 prime?
False
Is 2070756565 prime?
False
Is 15004429837 prime?
True
Is 1628535841 prime?
True
Is 1386918979 a prime number?
False
Is 687174793 prime?
False
Is 2637363143 a prime number?
False
Is 3958919729 a prime number?
True
Is 21171972643 a pri